{"id":12213,"date":"2025-10-10T10:38:43","date_gmt":"2025-10-10T08:38:43","guid":{"rendered":"https:\/\/maquinsarent.com\/alquiler\/pala-carregadora-cullera-075m3\/"},"modified":"2025-10-13T11:38:22","modified_gmt":"2025-10-13T09:38:22","slug":"pala-carregadora-cullera-075m3","status":"publish","type":"cars","link":"https:\/\/maquinsarent.com\/ca\/lloguer\/pala-carregadora-cullera-075m3\/","title":{"rendered":"Pala carregadora cullera 0,75m3"},"content":{"rendered":"","protected":false},"excerpt":{"rendered":"<p>La carregadora sobre rodes WL750 es destaca per la seva cabina c\u00f2moda, excel\u00b7lent visibilitat, i un accionament electr\u00f2nic amb m\u00faltiples maneres de conducci\u00f3. Compte amb un bra\u00e7 de c\u00e0rrega robust, motor de f\u00e0cil acc\u00e9s per a manteniment, i un disseny modern. \u00c9s el model b\u00e0sic ideal en la seva categoria (cullera de 0,75 m\u00b3), \u200b\u200bcombinant pot\u00e8ncia, hidr\u00e0ulica fiable, dimensions compactes  <\/p>\n","protected":false},"author":8,"featured_media":12205,"template":"","tipo-de-maquina":[273],"actividad":[301],"segmento":[314],"class_list":["post-12213","cars","type-cars","status-publish","has-post-thumbnail","hentry","tipo-de-maquina-carrega-i-manipulacio","actividad-equips-elevacio","segmento-pala-cargadora-ca"],"yoast_head":"<!-- This site is optimized with the Yoast SEO plugin v26.1.1 - https:\/\/yoast.com\/wordpress\/plugins\/seo\/ -->\n<title>Pala carregadora cullera 0,75m3 - Maquinsarent<\/title>\n<meta name=\"robots\" content=\"index, follow, max-snippet:-1, max-image-preview:large, max-video-preview:-1\" \/>\n<link rel=\"canonical\" href=\"https:\/\/maquinsarent.com\/ca\/lloguer\/pala-carregadora-cullera-075m3\/\" \/>\n<meta property=\"og:locale\" content=\"ca_ES\" \/>\n<meta property=\"og:type\" content=\"article\" \/>\n<meta property=\"og:title\" content=\"Pala carregadora cullera 0,75m3 - Maquinsarent\" \/>\n<meta property=\"og:description\" content=\"La carregadora sobre rodes WL750 es destaca per la seva cabina c\u00f2moda, excel\u00b7lent visibilitat, i un accionament electr\u00f2nic amb m\u00faltiples maneres de conducci\u00f3. Compte amb un bra\u00e7 de c\u00e0rrega robust, motor de f\u00e0cil acc\u00e9s per a manteniment, i un disseny modern. \u00c9s el model b\u00e0sic ideal en la seva categoria (cullera de 0,75 m\u00b3), \u200b\u200bcombinant pot\u00e8ncia, hidr\u00e0ulica fiable, dimensions compactes\" \/>\n<meta property=\"og:url\" content=\"https:\/\/maquinsarent.com\/ca\/lloguer\/pala-carregadora-cullera-075m3\/\" \/>\n<meta property=\"og:site_name\" content=\"Maquinsarent\" \/>\n<meta property=\"article:modified_time\" content=\"2025-10-13T09:38:22+00:00\" \/>\n<meta property=\"og:image\" content=\"https:\/\/maquinsarent.com\/wp-content\/uploads\/2025\/10\/C1280x128000-S720x720-FWEBP.webp\" \/>\n\t<meta property=\"og:image:width\" content=\"720\" \/>\n\t<meta property=\"og:image:height\" content=\"720\" \/>\n\t<meta property=\"og:image:type\" content=\"image\/webp\" \/>\n<meta name=\"twitter:card\" content=\"summary_large_image\" \/>\n<script type=\"application\/ld+json\" class=\"yoast-schema-graph\">{\"@context\":\"https:\/\/schema.org\",\"@graph\":[{\"@type\":\"WebPage\",\"@id\":\"https:\/\/maquinsarent.com\/ca\/lloguer\/pala-carregadora-cullera-075m3\/\",\"url\":\"https:\/\/maquinsarent.com\/ca\/lloguer\/pala-carregadora-cullera-075m3\/\",\"name\":\"Pala carregadora cullera 0,75m3 - Maquinsarent\",\"isPartOf\":{\"@id\":\"https:\/\/maquinsarent.com\/ca\/#website\"},\"primaryImageOfPage\":{\"@id\":\"https:\/\/maquinsarent.com\/ca\/lloguer\/pala-carregadora-cullera-075m3\/#primaryimage\"},\"image\":{\"@id\":\"https:\/\/maquinsarent.com\/ca\/lloguer\/pala-carregadora-cullera-075m3\/#primaryimage\"},\"thumbnailUrl\":\"https:\/\/maquinsarent.com\/wp-content\/uploads\/2025\/10\/C1280x128000-S720x720-FWEBP.webp\",\"datePublished\":\"2025-10-10T08:38:43+00:00\",\"dateModified\":\"2025-10-13T09:38:22+00:00\",\"breadcrumb\":{\"@id\":\"https:\/\/maquinsarent.com\/ca\/lloguer\/pala-carregadora-cullera-075m3\/#breadcrumb\"},\"inLanguage\":\"ca\",\"potentialAction\":[{\"@type\":\"ReadAction\",\"target\":[\"https:\/\/maquinsarent.com\/ca\/lloguer\/pala-carregadora-cullera-075m3\/\"]}]},{\"@type\":\"ImageObject\",\"inLanguage\":\"ca\",\"@id\":\"https:\/\/maquinsarent.com\/ca\/lloguer\/pala-carregadora-cullera-075m3\/#primaryimage\",\"url\":\"https:\/\/maquinsarent.com\/wp-content\/uploads\/2025\/10\/C1280x128000-S720x720-FWEBP.webp\",\"contentUrl\":\"https:\/\/maquinsarent.com\/wp-content\/uploads\/2025\/10\/C1280x128000-S720x720-FWEBP.webp\",\"width\":720,\"height\":720},{\"@type\":\"BreadcrumbList\",\"@id\":\"https:\/\/maquinsarent.com\/ca\/lloguer\/pala-carregadora-cullera-075m3\/#breadcrumb\",\"itemListElement\":[{\"@type\":\"ListItem\",\"position\":1,\"name\":\"Portada\",\"item\":\"https:\/\/maquinsarent.com\/ca\/\"},{\"@type\":\"ListItem\",\"position\":2,\"name\":\"Lloguer\",\"item\":\"https:\/\/maquinsarent.com\/ca\/lloguer\/\"},{\"@type\":\"ListItem\",\"position\":3,\"name\":\"Pala carregadora cullera 0,75m3\"}]},{\"@type\":\"WebSite\",\"@id\":\"https:\/\/maquinsarent.com\/ca\/#website\",\"url\":\"https:\/\/maquinsarent.com\/ca\/\",\"name\":\"Maquinsarent\",\"description\":\"La teva soluci\u00f3 en maquin\u00e0ria\",\"publisher\":{\"@id\":\"https:\/\/maquinsarent.com\/ca\/#organization\"},\"potentialAction\":[{\"@type\":\"SearchAction\",\"target\":{\"@type\":\"EntryPoint\",\"urlTemplate\":\"https:\/\/maquinsarent.com\/ca\/?s={search_term_string}\"},\"query-input\":{\"@type\":\"PropertyValueSpecification\",\"valueRequired\":true,\"valueName\":\"search_term_string\"}}],\"inLanguage\":\"ca\"},{\"@type\":\"Organization\",\"@id\":\"https:\/\/maquinsarent.com\/ca\/#organization\",\"name\":\"Maquinsarent\",\"url\":\"https:\/\/maquinsarent.com\/ca\/\",\"logo\":{\"@type\":\"ImageObject\",\"inLanguage\":\"ca\",\"@id\":\"https:\/\/maquinsarent.com\/ca\/#\/schema\/logo\/image\/\",\"url\":\"https:\/\/maquinsarent.com\/wp-content\/uploads\/2020\/03\/Maquinsarent-logo-blanco.svg\",\"contentUrl\":\"https:\/\/maquinsarent.com\/wp-content\/uploads\/2020\/03\/Maquinsarent-logo-blanco.svg\",\"width\":435.12,\"height\":139.14,\"caption\":\"Maquinsarent\"},\"image\":{\"@id\":\"https:\/\/maquinsarent.com\/ca\/#\/schema\/logo\/image\/\"},\"sameAs\":[\"https:\/\/www.linkedin.com\/company\/maquinsarent\/\",\"https:\/\/instagram.com\/maquinsarent\/\"]}]}<\/script>\n<!-- \/ Yoast SEO plugin. -->","yoast_head_json":{"title":"Pala carregadora cullera 0,75m3 - Maquinsarent","robots":{"index":"index","follow":"follow","max-snippet":"max-snippet:-1","max-image-preview":"max-image-preview:large","max-video-preview":"max-video-preview:-1"},"canonical":"https:\/\/maquinsarent.com\/ca\/lloguer\/pala-carregadora-cullera-075m3\/","og_locale":"ca_ES","og_type":"article","og_title":"Pala carregadora cullera 0,75m3 - Maquinsarent","og_description":"La carregadora sobre rodes WL750 es destaca per la seva cabina c\u00f2moda, excel\u00b7lent visibilitat, i un accionament electr\u00f2nic amb m\u00faltiples maneres de conducci\u00f3. Compte amb un bra\u00e7 de c\u00e0rrega robust, motor de f\u00e0cil acc\u00e9s per a manteniment, i un disseny modern. \u00c9s el model b\u00e0sic ideal en la seva categoria (cullera de 0,75 m\u00b3), \u200b\u200bcombinant pot\u00e8ncia, hidr\u00e0ulica fiable, dimensions compactes","og_url":"https:\/\/maquinsarent.com\/ca\/lloguer\/pala-carregadora-cullera-075m3\/","og_site_name":"Maquinsarent","article_modified_time":"2025-10-13T09:38:22+00:00","og_image":[{"width":720,"height":720,"url":"https:\/\/maquinsarent.com\/wp-content\/uploads\/2025\/10\/C1280x128000-S720x720-FWEBP.webp","type":"image\/webp"}],"twitter_card":"summary_large_image","schema":{"@context":"https:\/\/schema.org","@graph":[{"@type":"WebPage","@id":"https:\/\/maquinsarent.com\/ca\/lloguer\/pala-carregadora-cullera-075m3\/","url":"https:\/\/maquinsarent.com\/ca\/lloguer\/pala-carregadora-cullera-075m3\/","name":"Pala carregadora cullera 0,75m3 - Maquinsarent","isPartOf":{"@id":"https:\/\/maquinsarent.com\/ca\/#website"},"primaryImageOfPage":{"@id":"https:\/\/maquinsarent.com\/ca\/lloguer\/pala-carregadora-cullera-075m3\/#primaryimage"},"image":{"@id":"https:\/\/maquinsarent.com\/ca\/lloguer\/pala-carregadora-cullera-075m3\/#primaryimage"},"thumbnailUrl":"https:\/\/maquinsarent.com\/wp-content\/uploads\/2025\/10\/C1280x128000-S720x720-FWEBP.webp","datePublished":"2025-10-10T08:38:43+00:00","dateModified":"2025-10-13T09:38:22+00:00","breadcrumb":{"@id":"https:\/\/maquinsarent.com\/ca\/lloguer\/pala-carregadora-cullera-075m3\/#breadcrumb"},"inLanguage":"ca","potentialAction":[{"@type":"ReadAction","target":["https:\/\/maquinsarent.com\/ca\/lloguer\/pala-carregadora-cullera-075m3\/"]}]},{"@type":"ImageObject","inLanguage":"ca","@id":"https:\/\/maquinsarent.com\/ca\/lloguer\/pala-carregadora-cullera-075m3\/#primaryimage","url":"https:\/\/maquinsarent.com\/wp-content\/uploads\/2025\/10\/C1280x128000-S720x720-FWEBP.webp","contentUrl":"https:\/\/maquinsarent.com\/wp-content\/uploads\/2025\/10\/C1280x128000-S720x720-FWEBP.webp","width":720,"height":720},{"@type":"BreadcrumbList","@id":"https:\/\/maquinsarent.com\/ca\/lloguer\/pala-carregadora-cullera-075m3\/#breadcrumb","itemListElement":[{"@type":"ListItem","position":1,"name":"Portada","item":"https:\/\/maquinsarent.com\/ca\/"},{"@type":"ListItem","position":2,"name":"Lloguer","item":"https:\/\/maquinsarent.com\/ca\/lloguer\/"},{"@type":"ListItem","position":3,"name":"Pala carregadora cullera 0,75m3"}]},{"@type":"WebSite","@id":"https:\/\/maquinsarent.com\/ca\/#website","url":"https:\/\/maquinsarent.com\/ca\/","name":"Maquinsarent","description":"La teva soluci\u00f3 en maquin\u00e0ria","publisher":{"@id":"https:\/\/maquinsarent.com\/ca\/#organization"},"potentialAction":[{"@type":"SearchAction","target":{"@type":"EntryPoint","urlTemplate":"https:\/\/maquinsarent.com\/ca\/?s={search_term_string}"},"query-input":{"@type":"PropertyValueSpecification","valueRequired":true,"valueName":"search_term_string"}}],"inLanguage":"ca"},{"@type":"Organization","@id":"https:\/\/maquinsarent.com\/ca\/#organization","name":"Maquinsarent","url":"https:\/\/maquinsarent.com\/ca\/","logo":{"@type":"ImageObject","inLanguage":"ca","@id":"https:\/\/maquinsarent.com\/ca\/#\/schema\/logo\/image\/","url":"https:\/\/maquinsarent.com\/wp-content\/uploads\/2020\/03\/Maquinsarent-logo-blanco.svg","contentUrl":"https:\/\/maquinsarent.com\/wp-content\/uploads\/2020\/03\/Maquinsarent-logo-blanco.svg","width":435.12,"height":139.14,"caption":"Maquinsarent"},"image":{"@id":"https:\/\/maquinsarent.com\/ca\/#\/schema\/logo\/image\/"},"sameAs":["https:\/\/www.linkedin.com\/company\/maquinsarent\/","https:\/\/instagram.com\/maquinsarent\/"]}]}},"_links":{"self":[{"href":"https:\/\/maquinsarent.com\/ca\/wp-json\/wp\/v2\/cars\/12213","targetHints":{"allow":["GET"]}}],"collection":[{"href":"https:\/\/maquinsarent.com\/ca\/wp-json\/wp\/v2\/cars"}],"about":[{"href":"https:\/\/maquinsarent.com\/ca\/wp-json\/wp\/v2\/types\/cars"}],"author":[{"embeddable":true,"href":"https:\/\/maquinsarent.com\/ca\/wp-json\/wp\/v2\/users\/8"}],"version-history":[{"count":1,"href":"https:\/\/maquinsarent.com\/ca\/wp-json\/wp\/v2\/cars\/12213\/revisions"}],"predecessor-version":[{"id":12231,"href":"https:\/\/maquinsarent.com\/ca\/wp-json\/wp\/v2\/cars\/12213\/revisions\/12231"}],"wp:featuredmedia":[{"embeddable":true,"href":"https:\/\/maquinsarent.com\/ca\/wp-json\/wp\/v2\/media\/12205"}],"wp:attachment":[{"href":"https:\/\/maquinsarent.com\/ca\/wp-json\/wp\/v2\/media?parent=12213"}],"wp:term":[{"taxonomy":"tipo-de-maquina","embeddable":true,"href":"https:\/\/maquinsarent.com\/ca\/wp-json\/wp\/v2\/tipo-de-maquina?post=12213"},{"taxonomy":"actividad","embeddable":true,"href":"https:\/\/maquinsarent.com\/ca\/wp-json\/wp\/v2\/actividad?post=12213"},{"taxonomy":"segmento","embeddable":true,"href":"https:\/\/maquinsarent.com\/ca\/wp-json\/wp\/v2\/segmento?post=12213"}],"curies":[{"name":"wp","href":"https:\/\/api.w.org\/{rel}","templated":true}]}}

<p>La carregadora sobre rodes WL750 es destaca per la seva cabina còmoda, excel·lent visibilitat, i un accionament electrònic amb múltiples maneres de conducció. Compte amb un braç de càrrega robust, motor de fàcil accés per a manteniment, i un disseny modern. És el model bàsic ideal en la seva categoria (cullera de 0,75 m³), ​​combinant potència, hidràulica fiable, dimensions compactes  </p>

<!-- This site is optimized with the Yoast SEO plugin v26.1.1 - https://yoast.com/wordpress/plugins/seo/ -->
<title>Pala carregadora cullera 0,75m3 - Maquinsarent</title>
<meta name="robots" content="index, follow, max-snippet:-1, max-image-preview:large, max-video-preview:-1" />
<link rel="canonical" href="https://maquinsarent.com/ca/lloguer/pala-carregadora-cullera-075m3/" />
<meta property="og:locale" content="ca_ES" />
<meta property="og:type" content="article" />
<meta property="og:title" content="Pala carregadora cullera 0,75m3 - Maquinsarent" />
<meta property="og:description" content="La carregadora sobre rodes WL750 es destaca per la seva cabina còmoda, excel·lent visibilitat, i un accionament electrònic amb múltiples maneres de conducció. Compte amb un braç de càrrega robust, motor de fàcil accés per a manteniment, i un disseny modern. És el model bàsic ideal en la seva categoria (cullera de 0,75 m³), ​​combinant potència, hidràulica fiable, dimensions compactes" />
<meta property="og:url" content="https://maquinsarent.com/ca/lloguer/pala-carregadora-cullera-075m3/" />
<meta property="og:site_name" content="Maquinsarent" />
<meta property="article:modified_time" content="2025-10-13T09:38:22+00:00" />
<meta property="og:image" content="https://maquinsarent.com/wp-content/uploads/2025/10/C1280x128000-S720x720-FWEBP.webp" />
	<meta property="og:image:width" content="720" />
	<meta property="og:image:height" content="720" />
	<meta property="og:image:type" content="image/webp" />
<meta name="twitter:card" content="summary_large_image" />
<script type="application/ld+json" class="yoast-schema-graph">{"@context":"https://schema.org","@graph":[{"@type":"WebPage","@id":"https://maquinsarent.com/ca/lloguer/pala-carregadora-cullera-075m3/","url":"https://maquinsarent.com/ca/lloguer/pala-carregadora-cullera-075m3/","name":"Pala carregadora cullera 0,75m3 - Maquinsarent","isPartOf":{"@id":"https://maquinsarent.com/ca/#website"},"primaryImageOfPage":{"@id":"https://maquinsarent.com/ca/lloguer/pala-carregadora-cullera-075m3/#primaryimage"},"image":{"@id":"https://maquinsarent.com/ca/lloguer/pala-carregadora-cullera-075m3/#primaryimage"},"thumbnailUrl":"https://maquinsarent.com/wp-content/uploads/2025/10/C1280x128000-S720x720-FWEBP.webp","datePublished":"2025-10-10T08:38:43+00:00","dateModified":"2025-10-13T09:38:22+00:00","breadcrumb":{"@id":"https://maquinsarent.com/ca/lloguer/pala-carregadora-cullera-075m3/#breadcrumb"},"inLanguage":"ca","potentialAction":[{"@type":"ReadAction","target":["https://maquinsarent.com/ca/lloguer/pala-carregadora-cullera-075m3/"]}]},{"@type":"ImageObject","inLanguage":"ca","@id":"https://maquinsarent.com/ca/lloguer/pala-carregadora-cullera-075m3/#primaryimage","url":"https://maquinsarent.com/wp-content/uploads/2025/10/C1280x128000-S720x720-FWEBP.webp","contentUrl":"https://maquinsarent.com/wp-content/uploads/2025/10/C1280x128000-S720x720-FWEBP.webp","width":720,"height":720},{"@type":"BreadcrumbList","@id":"https://maquinsarent.com/ca/lloguer/pala-carregadora-cullera-075m3/#breadcrumb","itemListElement":[{"@type":"ListItem","position":1,"name":"Portada","item":"https://maquinsarent.com/ca/"},{"@type":"ListItem","position":2,"name":"Lloguer","item":"https://maquinsarent.com/ca/lloguer/"},{"@type":"ListItem","position":3,"name":"Pala carregadora cullera 0,75m3"}]},{"@type":"WebSite","@id":"https://maquinsarent.com/ca/#website","url":"https://maquinsarent.com/ca/","name":"Maquinsarent","description":"La teva solució en maquinària","publisher":{"@id":"https://maquinsarent.com/ca/#organization"},"potentialAction":[{"@type":"SearchAction","target":{"@type":"EntryPoint","urlTemplate":"https://maquinsarent.com/ca/?s={search_term_string}"},"query-input":{"@type":"PropertyValueSpecification","valueRequired":true,"valueName":"search_term_string"}}],"inLanguage":"ca"},{"@type":"Organization","@id":"https://maquinsarent.com/ca/#organization","name":"Maquinsarent","url":"https://maquinsarent.com/ca/","logo":{"@type":"ImageObject","inLanguage":"ca","@id":"https://maquinsarent.com/ca/#/schema/logo/image/","url":"https://maquinsarent.com/wp-content/uploads/2020/03/Maquinsarent-logo-blanco.svg","contentUrl":"https://maquinsarent.com/wp-content/uploads/2020/03/Maquinsarent-logo-blanco.svg","width":435.12,"height":139.14,"caption":"Maquinsarent"},"image":{"@id":"https://maquinsarent.com/ca/#/schema/logo/image/"},"sameAs":["https://www.linkedin.com/company/maquinsarent/","https://instagram.com/maquinsarent/"]}]}</script>
<!-- / Yoast SEO plugin. -->

La carregadora sobre rodes WL750 es destaca per la seva cabina còmoda, excel·lent visibilitat, i un accionament electrònic amb múltiples maneres de conducció. Compte amb un braç de càrrega robust, motor de fàcil accés per a manteniment, i un disseny modern. És el model bàsic ideal en la seva categoria (cullera de 0,75 m³), ​​combinant potència, hidràulica fiable, dimensions compactes

La teva solució en maquinària
