{"id":10864,"date":"2024-05-07T10:33:12","date_gmt":"2024-05-07T08:33:12","guid":{"rendered":"https:\/\/maquinsarent.com\/alquiler\/rodet-compactador-de-11tn\/"},"modified":"2025-10-08T15:32:42","modified_gmt":"2025-10-08T13:32:42","slug":"rodet-compactador-de-11tn","status":"publish","type":"cars","link":"https:\/\/maquinsarent.com\/ca\/lloguer\/rodet-compactador-de-11tn\/","title":{"rendered":"Rodet 11 tn"},"content":{"rendered":"<p>Rodet compactador de f\u00e0cil maneig. Lloc ergon\u00f2mic de comandament del conductor. Visi\u00f3 excel\u00b7lent de la vora del tambor, la m\u00e0quina i l&#8217;entorn de l&#8217;obra. Equipada amb aire condicionat i calefacci\u00f3.<\/p>\n","protected":false},"excerpt":{"rendered":"<p>Rodet compactador de f\u00e0cil maneig. Lloc ergon\u00f2mic de comandament del conductor. Visi\u00f3 excel\u00b7lent de la vora del tambor, la m\u00e0quina i l&#8217;entorn de l&#8217;obra. Equipada amb aire condicionat i calefacci\u00f3.<\/p>\n","protected":false},"author":1,"featured_media":8761,"template":"","tipo-de-maquina":[274],"actividad":[300],"segmento":[315],"class_list":["post-10864","cars","type-cars","status-publish","has-post-thumbnail","hentry","tipo-de-maquina-rodet","actividad-compactacio","segmento-rodet-terres"],"yoast_head":"<!-- This site is optimized with the Yoast SEO plugin v26.1.1 - https:\/\/yoast.com\/wordpress\/plugins\/seo\/ -->\n<title>Rodet compactador de 11tn<\/title>\n<meta name=\"description\" content=\"Rodet compactador de 11tn\" \/>\n<meta name=\"robots\" content=\"index, follow, max-snippet:-1, max-image-preview:large, max-video-preview:-1\" \/>\n<link rel=\"canonical\" href=\"https:\/\/maquinsarent.com\/ca\/lloguer\/rodet-compactador-de-11tn\/\" \/>\n<meta property=\"og:locale\" content=\"ca_ES\" \/>\n<meta property=\"og:type\" content=\"article\" \/>\n<meta property=\"og:title\" content=\"Rodet compactador de 11tn\" \/>\n<meta property=\"og:description\" content=\"Rodet compactador de 11tn\" \/>\n<meta property=\"og:url\" content=\"https:\/\/maquinsarent.com\/ca\/lloguer\/rodet-compactador-de-11tn\/\" \/>\n<meta property=\"og:site_name\" content=\"Maquinsarent\" \/>\n<meta property=\"article:modified_time\" content=\"2025-10-08T13:32:42+00:00\" \/>\n<meta property=\"og:image\" content=\"https:\/\/maquinsarent.com\/wp-content\/uploads\/2024\/05\/061119IMAGE-5.jpg\" \/>\n\t<meta property=\"og:image:width\" content=\"450\" \/>\n\t<meta property=\"og:image:height\" content=\"450\" \/>\n\t<meta property=\"og:image:type\" content=\"image\/jpeg\" \/>\n<meta name=\"twitter:card\" content=\"summary_large_image\" \/>\n<script type=\"application\/ld+json\" class=\"yoast-schema-graph\">{\"@context\":\"https:\/\/schema.org\",\"@graph\":[{\"@type\":\"WebPage\",\"@id\":\"https:\/\/maquinsarent.com\/ca\/lloguer\/rodet-compactador-de-11tn\/\",\"url\":\"https:\/\/maquinsarent.com\/ca\/lloguer\/rodet-compactador-de-11tn\/\",\"name\":\"Rodet compactador de 11tn\",\"isPartOf\":{\"@id\":\"https:\/\/maquinsarent.com\/ca\/#website\"},\"primaryImageOfPage\":{\"@id\":\"https:\/\/maquinsarent.com\/ca\/lloguer\/rodet-compactador-de-11tn\/#primaryimage\"},\"image\":{\"@id\":\"https:\/\/maquinsarent.com\/ca\/lloguer\/rodet-compactador-de-11tn\/#primaryimage\"},\"thumbnailUrl\":\"https:\/\/maquinsarent.com\/wp-content\/uploads\/2024\/05\/061119IMAGE-5.jpg\",\"datePublished\":\"2024-05-07T08:33:12+00:00\",\"dateModified\":\"2025-10-08T13:32:42+00:00\",\"description\":\"Rodet compactador de 11tn\",\"breadcrumb\":{\"@id\":\"https:\/\/maquinsarent.com\/ca\/lloguer\/rodet-compactador-de-11tn\/#breadcrumb\"},\"inLanguage\":\"ca\",\"potentialAction\":[{\"@type\":\"ReadAction\",\"target\":[\"https:\/\/maquinsarent.com\/ca\/lloguer\/rodet-compactador-de-11tn\/\"]}]},{\"@type\":\"ImageObject\",\"inLanguage\":\"ca\",\"@id\":\"https:\/\/maquinsarent.com\/ca\/lloguer\/rodet-compactador-de-11tn\/#primaryimage\",\"url\":\"https:\/\/maquinsarent.com\/wp-content\/uploads\/2024\/05\/061119IMAGE-5.jpg\",\"contentUrl\":\"https:\/\/maquinsarent.com\/wp-content\/uploads\/2024\/05\/061119IMAGE-5.jpg\",\"width\":450,\"height\":450,\"caption\":\"Rodillo compactador de 11tn\"},{\"@type\":\"BreadcrumbList\",\"@id\":\"https:\/\/maquinsarent.com\/ca\/lloguer\/rodet-compactador-de-11tn\/#breadcrumb\",\"itemListElement\":[{\"@type\":\"ListItem\",\"position\":1,\"name\":\"Portada\",\"item\":\"https:\/\/maquinsarent.com\/ca\/\"},{\"@type\":\"ListItem\",\"position\":2,\"name\":\"Lloguer\",\"item\":\"https:\/\/maquinsarent.com\/ca\/lloguer\/\"},{\"@type\":\"ListItem\",\"position\":3,\"name\":\"Rodet 11 tn\"}]},{\"@type\":\"WebSite\",\"@id\":\"https:\/\/maquinsarent.com\/ca\/#website\",\"url\":\"https:\/\/maquinsarent.com\/ca\/\",\"name\":\"Maquinsarent\",\"description\":\"La teva soluci\u00f3 en maquin\u00e0ria\",\"publisher\":{\"@id\":\"https:\/\/maquinsarent.com\/ca\/#organization\"},\"potentialAction\":[{\"@type\":\"SearchAction\",\"target\":{\"@type\":\"EntryPoint\",\"urlTemplate\":\"https:\/\/maquinsarent.com\/ca\/?s={search_term_string}\"},\"query-input\":{\"@type\":\"PropertyValueSpecification\",\"valueRequired\":true,\"valueName\":\"search_term_string\"}}],\"inLanguage\":\"ca\"},{\"@type\":\"Organization\",\"@id\":\"https:\/\/maquinsarent.com\/ca\/#organization\",\"name\":\"Maquinsarent\",\"url\":\"https:\/\/maquinsarent.com\/ca\/\",\"logo\":{\"@type\":\"ImageObject\",\"inLanguage\":\"ca\",\"@id\":\"https:\/\/maquinsarent.com\/ca\/#\/schema\/logo\/image\/\",\"url\":\"https:\/\/maquinsarent.com\/wp-content\/uploads\/2020\/03\/Maquinsarent-logo-blanco.svg\",\"contentUrl\":\"https:\/\/maquinsarent.com\/wp-content\/uploads\/2020\/03\/Maquinsarent-logo-blanco.svg\",\"width\":435.12,\"height\":139.14,\"caption\":\"Maquinsarent\"},\"image\":{\"@id\":\"https:\/\/maquinsarent.com\/ca\/#\/schema\/logo\/image\/\"},\"sameAs\":[\"https:\/\/www.linkedin.com\/company\/maquinsarent\/\",\"https:\/\/instagram.com\/maquinsarent\/\"]}]}<\/script>\n<!-- \/ Yoast SEO plugin. -->","yoast_head_json":{"title":"Rodet compactador de 11tn","description":"Rodet compactador de 11tn","robots":{"index":"index","follow":"follow","max-snippet":"max-snippet:-1","max-image-preview":"max-image-preview:large","max-video-preview":"max-video-preview:-1"},"canonical":"https:\/\/maquinsarent.com\/ca\/lloguer\/rodet-compactador-de-11tn\/","og_locale":"ca_ES","og_type":"article","og_title":"Rodet compactador de 11tn","og_description":"Rodet compactador de 11tn","og_url":"https:\/\/maquinsarent.com\/ca\/lloguer\/rodet-compactador-de-11tn\/","og_site_name":"Maquinsarent","article_modified_time":"2025-10-08T13:32:42+00:00","og_image":[{"width":450,"height":450,"url":"https:\/\/maquinsarent.com\/wp-content\/uploads\/2024\/05\/061119IMAGE-5.jpg","type":"image\/jpeg"}],"twitter_card":"summary_large_image","schema":{"@context":"https:\/\/schema.org","@graph":[{"@type":"WebPage","@id":"https:\/\/maquinsarent.com\/ca\/lloguer\/rodet-compactador-de-11tn\/","url":"https:\/\/maquinsarent.com\/ca\/lloguer\/rodet-compactador-de-11tn\/","name":"Rodet compactador de 11tn","isPartOf":{"@id":"https:\/\/maquinsarent.com\/ca\/#website"},"primaryImageOfPage":{"@id":"https:\/\/maquinsarent.com\/ca\/lloguer\/rodet-compactador-de-11tn\/#primaryimage"},"image":{"@id":"https:\/\/maquinsarent.com\/ca\/lloguer\/rodet-compactador-de-11tn\/#primaryimage"},"thumbnailUrl":"https:\/\/maquinsarent.com\/wp-content\/uploads\/2024\/05\/061119IMAGE-5.jpg","datePublished":"2024-05-07T08:33:12+00:00","dateModified":"2025-10-08T13:32:42+00:00","description":"Rodet compactador de 11tn","breadcrumb":{"@id":"https:\/\/maquinsarent.com\/ca\/lloguer\/rodet-compactador-de-11tn\/#breadcrumb"},"inLanguage":"ca","potentialAction":[{"@type":"ReadAction","target":["https:\/\/maquinsarent.com\/ca\/lloguer\/rodet-compactador-de-11tn\/"]}]},{"@type":"ImageObject","inLanguage":"ca","@id":"https:\/\/maquinsarent.com\/ca\/lloguer\/rodet-compactador-de-11tn\/#primaryimage","url":"https:\/\/maquinsarent.com\/wp-content\/uploads\/2024\/05\/061119IMAGE-5.jpg","contentUrl":"https:\/\/maquinsarent.com\/wp-content\/uploads\/2024\/05\/061119IMAGE-5.jpg","width":450,"height":450,"caption":"Rodillo compactador de 11tn"},{"@type":"BreadcrumbList","@id":"https:\/\/maquinsarent.com\/ca\/lloguer\/rodet-compactador-de-11tn\/#breadcrumb","itemListElement":[{"@type":"ListItem","position":1,"name":"Portada","item":"https:\/\/maquinsarent.com\/ca\/"},{"@type":"ListItem","position":2,"name":"Lloguer","item":"https:\/\/maquinsarent.com\/ca\/lloguer\/"},{"@type":"ListItem","position":3,"name":"Rodet 11 tn"}]},{"@type":"WebSite","@id":"https:\/\/maquinsarent.com\/ca\/#website","url":"https:\/\/maquinsarent.com\/ca\/","name":"Maquinsarent","description":"La teva soluci\u00f3 en maquin\u00e0ria","publisher":{"@id":"https:\/\/maquinsarent.com\/ca\/#organization"},"potentialAction":[{"@type":"SearchAction","target":{"@type":"EntryPoint","urlTemplate":"https:\/\/maquinsarent.com\/ca\/?s={search_term_string}"},"query-input":{"@type":"PropertyValueSpecification","valueRequired":true,"valueName":"search_term_string"}}],"inLanguage":"ca"},{"@type":"Organization","@id":"https:\/\/maquinsarent.com\/ca\/#organization","name":"Maquinsarent","url":"https:\/\/maquinsarent.com\/ca\/","logo":{"@type":"ImageObject","inLanguage":"ca","@id":"https:\/\/maquinsarent.com\/ca\/#\/schema\/logo\/image\/","url":"https:\/\/maquinsarent.com\/wp-content\/uploads\/2020\/03\/Maquinsarent-logo-blanco.svg","contentUrl":"https:\/\/maquinsarent.com\/wp-content\/uploads\/2020\/03\/Maquinsarent-logo-blanco.svg","width":435.12,"height":139.14,"caption":"Maquinsarent"},"image":{"@id":"https:\/\/maquinsarent.com\/ca\/#\/schema\/logo\/image\/"},"sameAs":["https:\/\/www.linkedin.com\/company\/maquinsarent\/","https:\/\/instagram.com\/maquinsarent\/"]}]}},"_links":{"self":[{"href":"https:\/\/maquinsarent.com\/ca\/wp-json\/wp\/v2\/cars\/10864","targetHints":{"allow":["GET"]}}],"collection":[{"href":"https:\/\/maquinsarent.com\/ca\/wp-json\/wp\/v2\/cars"}],"about":[{"href":"https:\/\/maquinsarent.com\/ca\/wp-json\/wp\/v2\/types\/cars"}],"author":[{"embeddable":true,"href":"https:\/\/maquinsarent.com\/ca\/wp-json\/wp\/v2\/users\/1"}],"version-history":[{"count":3,"href":"https:\/\/maquinsarent.com\/ca\/wp-json\/wp\/v2\/cars\/10864\/revisions"}],"predecessor-version":[{"id":12086,"href":"https:\/\/maquinsarent.com\/ca\/wp-json\/wp\/v2\/cars\/10864\/revisions\/12086"}],"wp:featuredmedia":[{"embeddable":true,"href":"https:\/\/maquinsarent.com\/ca\/wp-json\/wp\/v2\/media\/8761"}],"wp:attachment":[{"href":"https:\/\/maquinsarent.com\/ca\/wp-json\/wp\/v2\/media?parent=10864"}],"wp:term":[{"taxonomy":"tipo-de-maquina","embeddable":true,"href":"https:\/\/maquinsarent.com\/ca\/wp-json\/wp\/v2\/tipo-de-maquina?post=10864"},{"taxonomy":"actividad","embeddable":true,"href":"https:\/\/maquinsarent.com\/ca\/wp-json\/wp\/v2\/actividad?post=10864"},{"taxonomy":"segmento","embeddable":true,"href":"https:\/\/maquinsarent.com\/ca\/wp-json\/wp\/v2\/segmento?post=10864"}],"curies":[{"name":"wp","href":"https:\/\/api.w.org\/{rel}","templated":true}]}}

<p>Rodet compactador de fàcil maneig. Lloc ergonòmic de comandament del conductor. Visió excel·lent de la vora del tambor, la màquina i l&#8217;entorn de l&#8217;obra. Equipada amb aire condicionat i calefacció.</p>

<!-- This site is optimized with the Yoast SEO plugin v26.1.1 - https://yoast.com/wordpress/plugins/seo/ -->
<title>Rodet compactador de 11tn</title>
<meta name="description" content="Rodet compactador de 11tn" />
<meta name="robots" content="index, follow, max-snippet:-1, max-image-preview:large, max-video-preview:-1" />
<link rel="canonical" href="https://maquinsarent.com/ca/lloguer/rodet-compactador-de-11tn/" />
<meta property="og:locale" content="ca_ES" />
<meta property="og:type" content="article" />
<meta property="og:title" content="Rodet compactador de 11tn" />
<meta property="og:description" content="Rodet compactador de 11tn" />
<meta property="og:url" content="https://maquinsarent.com/ca/lloguer/rodet-compactador-de-11tn/" />
<meta property="og:site_name" content="Maquinsarent" />
<meta property="article:modified_time" content="2025-10-08T13:32:42+00:00" />
<meta property="og:image" content="https://maquinsarent.com/wp-content/uploads/2024/05/061119IMAGE-5.jpg" />
	<meta property="og:image:width" content="450" />
	<meta property="og:image:height" content="450" />
	<meta property="og:image:type" content="image/jpeg" />
<meta name="twitter:card" content="summary_large_image" />
<script type="application/ld+json" class="yoast-schema-graph">{"@context":"https://schema.org","@graph":[{"@type":"WebPage","@id":"https://maquinsarent.com/ca/lloguer/rodet-compactador-de-11tn/","url":"https://maquinsarent.com/ca/lloguer/rodet-compactador-de-11tn/","name":"Rodet compactador de 11tn","isPartOf":{"@id":"https://maquinsarent.com/ca/#website"},"primaryImageOfPage":{"@id":"https://maquinsarent.com/ca/lloguer/rodet-compactador-de-11tn/#primaryimage"},"image":{"@id":"https://maquinsarent.com/ca/lloguer/rodet-compactador-de-11tn/#primaryimage"},"thumbnailUrl":"https://maquinsarent.com/wp-content/uploads/2024/05/061119IMAGE-5.jpg","datePublished":"2024-05-07T08:33:12+00:00","dateModified":"2025-10-08T13:32:42+00:00","description":"Rodet compactador de 11tn","breadcrumb":{"@id":"https://maquinsarent.com/ca/lloguer/rodet-compactador-de-11tn/#breadcrumb"},"inLanguage":"ca","potentialAction":[{"@type":"ReadAction","target":["https://maquinsarent.com/ca/lloguer/rodet-compactador-de-11tn/"]}]},{"@type":"ImageObject","inLanguage":"ca","@id":"https://maquinsarent.com/ca/lloguer/rodet-compactador-de-11tn/#primaryimage","url":"https://maquinsarent.com/wp-content/uploads/2024/05/061119IMAGE-5.jpg","contentUrl":"https://maquinsarent.com/wp-content/uploads/2024/05/061119IMAGE-5.jpg","width":450,"height":450,"caption":"Rodillo compactador de 11tn"},{"@type":"BreadcrumbList","@id":"https://maquinsarent.com/ca/lloguer/rodet-compactador-de-11tn/#breadcrumb","itemListElement":[{"@type":"ListItem","position":1,"name":"Portada","item":"https://maquinsarent.com/ca/"},{"@type":"ListItem","position":2,"name":"Lloguer","item":"https://maquinsarent.com/ca/lloguer/"},{"@type":"ListItem","position":3,"name":"Rodet 11 tn"}]},{"@type":"WebSite","@id":"https://maquinsarent.com/ca/#website","url":"https://maquinsarent.com/ca/","name":"Maquinsarent","description":"La teva solució en maquinària","publisher":{"@id":"https://maquinsarent.com/ca/#organization"},"potentialAction":[{"@type":"SearchAction","target":{"@type":"EntryPoint","urlTemplate":"https://maquinsarent.com/ca/?s={search_term_string}"},"query-input":{"@type":"PropertyValueSpecification","valueRequired":true,"valueName":"search_term_string"}}],"inLanguage":"ca"},{"@type":"Organization","@id":"https://maquinsarent.com/ca/#organization","name":"Maquinsarent","url":"https://maquinsarent.com/ca/","logo":{"@type":"ImageObject","inLanguage":"ca","@id":"https://maquinsarent.com/ca/#/schema/logo/image/","url":"https://maquinsarent.com/wp-content/uploads/2020/03/Maquinsarent-logo-blanco.svg","contentUrl":"https://maquinsarent.com/wp-content/uploads/2020/03/Maquinsarent-logo-blanco.svg","width":435.12,"height":139.14,"caption":"Maquinsarent"},"image":{"@id":"https://maquinsarent.com/ca/#/schema/logo/image/"},"sameAs":["https://www.linkedin.com/company/maquinsarent/","https://instagram.com/maquinsarent/"]}]}</script>
<!-- / Yoast SEO plugin. -->

La teva solució en maquinària
