{"id":10845,"date":"2024-05-07T10:33:08","date_gmt":"2024-05-07T08:33:08","guid":{"rendered":"https:\/\/maquinsarent.com\/alquiler\/miniexcavadora-37tn-amb-til\/"},"modified":"2025-10-09T12:59:19","modified_gmt":"2025-10-09T10:59:19","slug":"miniexcavadora-37tn-amb-til","status":"publish","type":"cars","link":"https:\/\/maquinsarent.com\/ca\/lloguer\/miniexcavadora-37tn-amb-til\/","title":{"rendered":"Miniexcavadora 3.700 kg. cadena goma"},"content":{"rendered":"","protected":false},"excerpt":{"rendered":"<p>Opci\u00f3 vers\u00e0til que es pot adaptar a diferents entorns de treball. Amb una profunditat d&#8217;excavaci\u00f3 de fins a 3070 mm \u00e9s ideal per a obres urbanes i d&#8217;infraestructura amb alt tr\u00e0nsit. Tamb\u00e9 \u00e9s adequada per treballar en projectes on cal la pres\u00e8ncia d&#8217;altres equips. El disseny permet una gran mobilitat i efici\u00e8ncia en l&#8217;execuci\u00f3 de tasques d&#8217;excavaci\u00f3.<\/p>\n","protected":false},"author":1,"featured_media":8739,"template":"","tipo-de-maquina":[271],"actividad":[299],"segmento":[310],"class_list":["post-10845","cars","type-cars","status-publish","has-post-thumbnail","hentry","tipo-de-maquina-excavacio","actividad-moviment-terra","segmento-miniexcavadora-ca"],"yoast_head":"<!-- This site is optimized with the Yoast SEO plugin v26.1.1 - https:\/\/yoast.com\/wordpress\/plugins\/seo\/ -->\n<title>Miniexcavadora 3,7tn amb til<\/title>\n<meta name=\"description\" content=\"Miniexcavadora 3,7tn amb til\" \/>\n<meta name=\"robots\" content=\"index, follow, max-snippet:-1, max-image-preview:large, max-video-preview:-1\" \/>\n<link rel=\"canonical\" href=\"https:\/\/maquinsarent.com\/ca\/lloguer\/miniexcavadora-37tn-amb-til\/\" \/>\n<meta property=\"og:locale\" content=\"ca_ES\" \/>\n<meta property=\"og:type\" content=\"article\" \/>\n<meta property=\"og:title\" content=\"Miniexcavadora 3,7tn amb til\" \/>\n<meta property=\"og:description\" content=\"Miniexcavadora 3,7tn amb til\" \/>\n<meta property=\"og:url\" content=\"https:\/\/maquinsarent.com\/ca\/lloguer\/miniexcavadora-37tn-amb-til\/\" \/>\n<meta property=\"og:site_name\" content=\"Maquinsarent\" \/>\n<meta property=\"article:modified_time\" content=\"2025-10-09T10:59:19+00:00\" \/>\n<meta property=\"og:image\" content=\"https:\/\/maquinsarent.com\/wp-content\/uploads\/2024\/05\/060460IMAGE-1-scaled.jpg\" \/>\n\t<meta property=\"og:image:width\" content=\"9608\" \/>\n\t<meta property=\"og:image:height\" content=\"6459\" \/>\n\t<meta property=\"og:image:type\" content=\"image\/jpeg\" \/>\n<meta name=\"twitter:card\" content=\"summary_large_image\" \/>\n<script type=\"application\/ld+json\" class=\"yoast-schema-graph\">{\"@context\":\"https:\/\/schema.org\",\"@graph\":[{\"@type\":\"WebPage\",\"@id\":\"https:\/\/maquinsarent.com\/ca\/lloguer\/miniexcavadora-37tn-amb-til\/\",\"url\":\"https:\/\/maquinsarent.com\/ca\/lloguer\/miniexcavadora-37tn-amb-til\/\",\"name\":\"Miniexcavadora 3,7tn amb til\",\"isPartOf\":{\"@id\":\"https:\/\/maquinsarent.com\/ca\/#website\"},\"primaryImageOfPage\":{\"@id\":\"https:\/\/maquinsarent.com\/ca\/lloguer\/miniexcavadora-37tn-amb-til\/#primaryimage\"},\"image\":{\"@id\":\"https:\/\/maquinsarent.com\/ca\/lloguer\/miniexcavadora-37tn-amb-til\/#primaryimage\"},\"thumbnailUrl\":\"https:\/\/maquinsarent.com\/wp-content\/uploads\/2024\/05\/060460IMAGE-1-scaled.jpg\",\"datePublished\":\"2024-05-07T08:33:08+00:00\",\"dateModified\":\"2025-10-09T10:59:19+00:00\",\"description\":\"Miniexcavadora 3,7tn amb til\",\"breadcrumb\":{\"@id\":\"https:\/\/maquinsarent.com\/ca\/lloguer\/miniexcavadora-37tn-amb-til\/#breadcrumb\"},\"inLanguage\":\"ca\",\"potentialAction\":[{\"@type\":\"ReadAction\",\"target\":[\"https:\/\/maquinsarent.com\/ca\/lloguer\/miniexcavadora-37tn-amb-til\/\"]}]},{\"@type\":\"ImageObject\",\"inLanguage\":\"ca\",\"@id\":\"https:\/\/maquinsarent.com\/ca\/lloguer\/miniexcavadora-37tn-amb-til\/#primaryimage\",\"url\":\"https:\/\/maquinsarent.com\/wp-content\/uploads\/2024\/05\/060460IMAGE-1-scaled.jpg\",\"contentUrl\":\"https:\/\/maquinsarent.com\/wp-content\/uploads\/2024\/05\/060460IMAGE-1-scaled.jpg\",\"width\":9608,\"height\":6459,\"caption\":\"Miniexcavadora 3,7tn con til\"},{\"@type\":\"BreadcrumbList\",\"@id\":\"https:\/\/maquinsarent.com\/ca\/lloguer\/miniexcavadora-37tn-amb-til\/#breadcrumb\",\"itemListElement\":[{\"@type\":\"ListItem\",\"position\":1,\"name\":\"Portada\",\"item\":\"https:\/\/maquinsarent.com\/ca\/\"},{\"@type\":\"ListItem\",\"position\":2,\"name\":\"Lloguer\",\"item\":\"https:\/\/maquinsarent.com\/ca\/lloguer\/\"},{\"@type\":\"ListItem\",\"position\":3,\"name\":\"Miniexcavadora 3.700 kg. cadena goma\"}]},{\"@type\":\"WebSite\",\"@id\":\"https:\/\/maquinsarent.com\/ca\/#website\",\"url\":\"https:\/\/maquinsarent.com\/ca\/\",\"name\":\"Maquinsarent\",\"description\":\"La teva soluci\u00f3 en maquin\u00e0ria\",\"publisher\":{\"@id\":\"https:\/\/maquinsarent.com\/ca\/#organization\"},\"potentialAction\":[{\"@type\":\"SearchAction\",\"target\":{\"@type\":\"EntryPoint\",\"urlTemplate\":\"https:\/\/maquinsarent.com\/ca\/?s={search_term_string}\"},\"query-input\":{\"@type\":\"PropertyValueSpecification\",\"valueRequired\":true,\"valueName\":\"search_term_string\"}}],\"inLanguage\":\"ca\"},{\"@type\":\"Organization\",\"@id\":\"https:\/\/maquinsarent.com\/ca\/#organization\",\"name\":\"Maquinsarent\",\"url\":\"https:\/\/maquinsarent.com\/ca\/\",\"logo\":{\"@type\":\"ImageObject\",\"inLanguage\":\"ca\",\"@id\":\"https:\/\/maquinsarent.com\/ca\/#\/schema\/logo\/image\/\",\"url\":\"https:\/\/maquinsarent.com\/wp-content\/uploads\/2020\/03\/Maquinsarent-logo-blanco.svg\",\"contentUrl\":\"https:\/\/maquinsarent.com\/wp-content\/uploads\/2020\/03\/Maquinsarent-logo-blanco.svg\",\"width\":435.12,\"height\":139.14,\"caption\":\"Maquinsarent\"},\"image\":{\"@id\":\"https:\/\/maquinsarent.com\/ca\/#\/schema\/logo\/image\/\"},\"sameAs\":[\"https:\/\/www.linkedin.com\/company\/maquinsarent\/\",\"https:\/\/instagram.com\/maquinsarent\/\"]}]}<\/script>\n<!-- \/ Yoast SEO plugin. -->","yoast_head_json":{"title":"Miniexcavadora 3,7tn amb til","description":"Miniexcavadora 3,7tn amb til","robots":{"index":"index","follow":"follow","max-snippet":"max-snippet:-1","max-image-preview":"max-image-preview:large","max-video-preview":"max-video-preview:-1"},"canonical":"https:\/\/maquinsarent.com\/ca\/lloguer\/miniexcavadora-37tn-amb-til\/","og_locale":"ca_ES","og_type":"article","og_title":"Miniexcavadora 3,7tn amb til","og_description":"Miniexcavadora 3,7tn amb til","og_url":"https:\/\/maquinsarent.com\/ca\/lloguer\/miniexcavadora-37tn-amb-til\/","og_site_name":"Maquinsarent","article_modified_time":"2025-10-09T10:59:19+00:00","og_image":[{"width":9608,"height":6459,"url":"https:\/\/maquinsarent.com\/wp-content\/uploads\/2024\/05\/060460IMAGE-1-scaled.jpg","type":"image\/jpeg"}],"twitter_card":"summary_large_image","schema":{"@context":"https:\/\/schema.org","@graph":[{"@type":"WebPage","@id":"https:\/\/maquinsarent.com\/ca\/lloguer\/miniexcavadora-37tn-amb-til\/","url":"https:\/\/maquinsarent.com\/ca\/lloguer\/miniexcavadora-37tn-amb-til\/","name":"Miniexcavadora 3,7tn amb til","isPartOf":{"@id":"https:\/\/maquinsarent.com\/ca\/#website"},"primaryImageOfPage":{"@id":"https:\/\/maquinsarent.com\/ca\/lloguer\/miniexcavadora-37tn-amb-til\/#primaryimage"},"image":{"@id":"https:\/\/maquinsarent.com\/ca\/lloguer\/miniexcavadora-37tn-amb-til\/#primaryimage"},"thumbnailUrl":"https:\/\/maquinsarent.com\/wp-content\/uploads\/2024\/05\/060460IMAGE-1-scaled.jpg","datePublished":"2024-05-07T08:33:08+00:00","dateModified":"2025-10-09T10:59:19+00:00","description":"Miniexcavadora 3,7tn amb til","breadcrumb":{"@id":"https:\/\/maquinsarent.com\/ca\/lloguer\/miniexcavadora-37tn-amb-til\/#breadcrumb"},"inLanguage":"ca","potentialAction":[{"@type":"ReadAction","target":["https:\/\/maquinsarent.com\/ca\/lloguer\/miniexcavadora-37tn-amb-til\/"]}]},{"@type":"ImageObject","inLanguage":"ca","@id":"https:\/\/maquinsarent.com\/ca\/lloguer\/miniexcavadora-37tn-amb-til\/#primaryimage","url":"https:\/\/maquinsarent.com\/wp-content\/uploads\/2024\/05\/060460IMAGE-1-scaled.jpg","contentUrl":"https:\/\/maquinsarent.com\/wp-content\/uploads\/2024\/05\/060460IMAGE-1-scaled.jpg","width":9608,"height":6459,"caption":"Miniexcavadora 3,7tn con til"},{"@type":"BreadcrumbList","@id":"https:\/\/maquinsarent.com\/ca\/lloguer\/miniexcavadora-37tn-amb-til\/#breadcrumb","itemListElement":[{"@type":"ListItem","position":1,"name":"Portada","item":"https:\/\/maquinsarent.com\/ca\/"},{"@type":"ListItem","position":2,"name":"Lloguer","item":"https:\/\/maquinsarent.com\/ca\/lloguer\/"},{"@type":"ListItem","position":3,"name":"Miniexcavadora 3.700 kg. cadena goma"}]},{"@type":"WebSite","@id":"https:\/\/maquinsarent.com\/ca\/#website","url":"https:\/\/maquinsarent.com\/ca\/","name":"Maquinsarent","description":"La teva soluci\u00f3 en maquin\u00e0ria","publisher":{"@id":"https:\/\/maquinsarent.com\/ca\/#organization"},"potentialAction":[{"@type":"SearchAction","target":{"@type":"EntryPoint","urlTemplate":"https:\/\/maquinsarent.com\/ca\/?s={search_term_string}"},"query-input":{"@type":"PropertyValueSpecification","valueRequired":true,"valueName":"search_term_string"}}],"inLanguage":"ca"},{"@type":"Organization","@id":"https:\/\/maquinsarent.com\/ca\/#organization","name":"Maquinsarent","url":"https:\/\/maquinsarent.com\/ca\/","logo":{"@type":"ImageObject","inLanguage":"ca","@id":"https:\/\/maquinsarent.com\/ca\/#\/schema\/logo\/image\/","url":"https:\/\/maquinsarent.com\/wp-content\/uploads\/2020\/03\/Maquinsarent-logo-blanco.svg","contentUrl":"https:\/\/maquinsarent.com\/wp-content\/uploads\/2020\/03\/Maquinsarent-logo-blanco.svg","width":435.12,"height":139.14,"caption":"Maquinsarent"},"image":{"@id":"https:\/\/maquinsarent.com\/ca\/#\/schema\/logo\/image\/"},"sameAs":["https:\/\/www.linkedin.com\/company\/maquinsarent\/","https:\/\/instagram.com\/maquinsarent\/"]}]}},"_links":{"self":[{"href":"https:\/\/maquinsarent.com\/ca\/wp-json\/wp\/v2\/cars\/10845","targetHints":{"allow":["GET"]}}],"collection":[{"href":"https:\/\/maquinsarent.com\/ca\/wp-json\/wp\/v2\/cars"}],"about":[{"href":"https:\/\/maquinsarent.com\/ca\/wp-json\/wp\/v2\/types\/cars"}],"author":[{"embeddable":true,"href":"https:\/\/maquinsarent.com\/ca\/wp-json\/wp\/v2\/users\/1"}],"version-history":[{"count":2,"href":"https:\/\/maquinsarent.com\/ca\/wp-json\/wp\/v2\/cars\/10845\/revisions"}],"predecessor-version":[{"id":12115,"href":"https:\/\/maquinsarent.com\/ca\/wp-json\/wp\/v2\/cars\/10845\/revisions\/12115"}],"wp:featuredmedia":[{"embeddable":true,"href":"https:\/\/maquinsarent.com\/ca\/wp-json\/wp\/v2\/media\/8739"}],"wp:attachment":[{"href":"https:\/\/maquinsarent.com\/ca\/wp-json\/wp\/v2\/media?parent=10845"}],"wp:term":[{"taxonomy":"tipo-de-maquina","embeddable":true,"href":"https:\/\/maquinsarent.com\/ca\/wp-json\/wp\/v2\/tipo-de-maquina?post=10845"},{"taxonomy":"actividad","embeddable":true,"href":"https:\/\/maquinsarent.com\/ca\/wp-json\/wp\/v2\/actividad?post=10845"},{"taxonomy":"segmento","embeddable":true,"href":"https:\/\/maquinsarent.com\/ca\/wp-json\/wp\/v2\/segmento?post=10845"}],"curies":[{"name":"wp","href":"https:\/\/api.w.org\/{rel}","templated":true}]}}

<p>Opció versàtil que es pot adaptar a diferents entorns de treball. Amb una profunditat d&#8217;excavació de fins a 3070 mm és ideal per a obres urbanes i d&#8217;infraestructura amb alt trànsit. També és adequada per treballar en projectes on cal la presència d&#8217;altres equips. El disseny permet una gran mobilitat i eficiència en l&#8217;execució de tasques d&#8217;excavació.</p>

<!-- This site is optimized with the Yoast SEO plugin v26.1.1 - https://yoast.com/wordpress/plugins/seo/ -->
<title>Miniexcavadora 3,7tn amb til</title>
<meta name="description" content="Miniexcavadora 3,7tn amb til" />
<meta name="robots" content="index, follow, max-snippet:-1, max-image-preview:large, max-video-preview:-1" />
<link rel="canonical" href="https://maquinsarent.com/ca/lloguer/miniexcavadora-37tn-amb-til/" />
<meta property="og:locale" content="ca_ES" />
<meta property="og:type" content="article" />
<meta property="og:title" content="Miniexcavadora 3,7tn amb til" />
<meta property="og:description" content="Miniexcavadora 3,7tn amb til" />
<meta property="og:url" content="https://maquinsarent.com/ca/lloguer/miniexcavadora-37tn-amb-til/" />
<meta property="og:site_name" content="Maquinsarent" />
<meta property="article:modified_time" content="2025-10-09T10:59:19+00:00" />
<meta property="og:image" content="https://maquinsarent.com/wp-content/uploads/2024/05/060460IMAGE-1-scaled.jpg" />
	<meta property="og:image:width" content="9608" />
	<meta property="og:image:height" content="6459" />
	<meta property="og:image:type" content="image/jpeg" />
<meta name="twitter:card" content="summary_large_image" />
<script type="application/ld+json" class="yoast-schema-graph">{"@context":"https://schema.org","@graph":[{"@type":"WebPage","@id":"https://maquinsarent.com/ca/lloguer/miniexcavadora-37tn-amb-til/","url":"https://maquinsarent.com/ca/lloguer/miniexcavadora-37tn-amb-til/","name":"Miniexcavadora 3,7tn amb til","isPartOf":{"@id":"https://maquinsarent.com/ca/#website"},"primaryImageOfPage":{"@id":"https://maquinsarent.com/ca/lloguer/miniexcavadora-37tn-amb-til/#primaryimage"},"image":{"@id":"https://maquinsarent.com/ca/lloguer/miniexcavadora-37tn-amb-til/#primaryimage"},"thumbnailUrl":"https://maquinsarent.com/wp-content/uploads/2024/05/060460IMAGE-1-scaled.jpg","datePublished":"2024-05-07T08:33:08+00:00","dateModified":"2025-10-09T10:59:19+00:00","description":"Miniexcavadora 3,7tn amb til","breadcrumb":{"@id":"https://maquinsarent.com/ca/lloguer/miniexcavadora-37tn-amb-til/#breadcrumb"},"inLanguage":"ca","potentialAction":[{"@type":"ReadAction","target":["https://maquinsarent.com/ca/lloguer/miniexcavadora-37tn-amb-til/"]}]},{"@type":"ImageObject","inLanguage":"ca","@id":"https://maquinsarent.com/ca/lloguer/miniexcavadora-37tn-amb-til/#primaryimage","url":"https://maquinsarent.com/wp-content/uploads/2024/05/060460IMAGE-1-scaled.jpg","contentUrl":"https://maquinsarent.com/wp-content/uploads/2024/05/060460IMAGE-1-scaled.jpg","width":9608,"height":6459,"caption":"Miniexcavadora 3,7tn con til"},{"@type":"BreadcrumbList","@id":"https://maquinsarent.com/ca/lloguer/miniexcavadora-37tn-amb-til/#breadcrumb","itemListElement":[{"@type":"ListItem","position":1,"name":"Portada","item":"https://maquinsarent.com/ca/"},{"@type":"ListItem","position":2,"name":"Lloguer","item":"https://maquinsarent.com/ca/lloguer/"},{"@type":"ListItem","position":3,"name":"Miniexcavadora 3.700 kg. cadena goma"}]},{"@type":"WebSite","@id":"https://maquinsarent.com/ca/#website","url":"https://maquinsarent.com/ca/","name":"Maquinsarent","description":"La teva solució en maquinària","publisher":{"@id":"https://maquinsarent.com/ca/#organization"},"potentialAction":[{"@type":"SearchAction","target":{"@type":"EntryPoint","urlTemplate":"https://maquinsarent.com/ca/?s={search_term_string}"},"query-input":{"@type":"PropertyValueSpecification","valueRequired":true,"valueName":"search_term_string"}}],"inLanguage":"ca"},{"@type":"Organization","@id":"https://maquinsarent.com/ca/#organization","name":"Maquinsarent","url":"https://maquinsarent.com/ca/","logo":{"@type":"ImageObject","inLanguage":"ca","@id":"https://maquinsarent.com/ca/#/schema/logo/image/","url":"https://maquinsarent.com/wp-content/uploads/2020/03/Maquinsarent-logo-blanco.svg","contentUrl":"https://maquinsarent.com/wp-content/uploads/2020/03/Maquinsarent-logo-blanco.svg","width":435.12,"height":139.14,"caption":"Maquinsarent"},"image":{"@id":"https://maquinsarent.com/ca/#/schema/logo/image/"},"sameAs":["https://www.linkedin.com/company/maquinsarent/","https://instagram.com/maquinsarent/"]}]}</script>
<!-- / Yoast SEO plugin. -->

La teva solució en maquinària
